divided by 68?
67
What is the remainder when 163 is divided by 45?
28
What is the remainder when 529 is divided by 133?
130
Calculate the remainder when 367 is divided by 213.
154
What is the remainder when 564 is divided by 150?
114
Calculate the remainder when 370 is divided by 47.
41
What is the remainder when 831 is divided by 89?
30
Calculate the remainder when 178 is divided by 9.
7
Calculate the remainder when 73 is divided by 49.
24
What is the remainder when 762 is divided by 65?
47
Calculate the remainder when 74 is divided by 19.
17
Calculate the remainder when 3162 is divided by 789.
6
Calculate the remainder when 139 is divided by 36.
31
Calculate the remainder when 864 is divided by 79.
74
Calculate the remainder when 706 is divided by 530.
176
Calculate the remainder when 681 is divided by 38.
35
What is the remainder when 703 is divided by 15?
13
Calculate the remainder when 198 is divided by 42.
30
Calculate the remainder when 83 is divided by 28.
27
Calculate the remainder when 219 is divided by 54.
3
What is the remainder when 905 is divided by 24?
17
Calculate the remainder when 862 is divided by 72.
70
What is the remainder when 522 is divided by 132?
126
What is the remainder when 132 is divided by 31?
8
What is the remainder when 932 is divided by 36?
32
Calculate the remainder when 317 is divided by 62.
7
Calculate the remainder when 10149 is divided by 141.
138
Calculate the remainder when 723 is divided by 25.
23
Calculate the remainder when 68 is divided by 15.
8
Calculate the remainder when 277 is divided by 76.
49
What is the remainder when 398 is divided by 105?
83
Calculate the remainder when 356 is divided by 12.
8
What is the remainder when 270 is divided by 84?
18
What is the remainder when 11218 is divided by 33?
31
What is the remainder when 295 is divided by 248?
47
Calculate the remainder when 70 is divided by 4.
2
What is the remainder when 77 is divided by 5?
2
Calculate the remainder when 64 is divided by 2.
0
What is the remainder when 141 is divided by 16?
13
What is the remainder when 150 is divided by 123?
27
What is the remainder when 459 is divided by 91?
4
Calculate the remainder when 51087 is divided by 248.
247
What is the remainder when 911 is divided by 112?
15
Calculate the remainder when 745 is divided by 53.
3
What is the remainder when 898 is divided by 893?
5
What is the remainder when 334 is divided by 21?
19
What is the remainder when 1733 is divided by 18?
5
Calculate the remainder when 90 is divided by 31.
28
Calculate the remainder when 301 is divided by 158.
143
Calculate the remainder when 543 is divided by 57.
30
What is the remainder when 471 is divided by 24?
15
Calculate the remainder when 1645 is divided by 97.
93
Calculate the remainder when 359 is divided by 40.
39
What is the remainder when 333 is divided by 26?
21
Calculate the remainder when 67 is divided by 64.
3
Calculate the remainder when 166 is divided by 131.
35
What is the remainder when 333 is divided by 59?
38
Calculate the remainder when 292 is divided by 37.
33
What is the remainder when 109 is divided by 40?
29
What is the remainder when 131 is divided by 45?
41
What is the remainder when 1148 is divided by 46?
44
What is the remainder when 318 is divided by 54?
48
What is the remainder when 69 is divided by 23?
0
Calculate the remainder when 874 is divided by 147.
139
Calculate the remainder when 368 is divided by 53.
50
Calculate the remainder when 805 is divided by 116.
109
What is the remainder when 30 is divided by 18?
12
Calculate the remainder when 4479 is divided by 112.
111
What is the remainder when 55 is divided by 28?
27
What is the remainder when 912 is divided by 300?
12
What is the remainder when 7517 is divided by 69?
65
Calculate the remainder when 28 is divided by 10.
8
What is the remainder when 133 is divided by 8?
5
What is the remainder when 378 is divided by 216?
162
What is the remainder when 2252 is divided by 134?
108
What is the remainder when 210 is divided by 14?
0
What is the remainder when 837 is divided by 60?
57
Calculate the remainder when 289 is divided by 6.
1
Calculate the remainder when 321 is divided by 90.
51
Calculate the remainder when 511 is divided by 86.
81
What is the remainder when 449 is divided by 11?
9
Calculate the remainder when 38 is divided by 29.
9
Calculate the remainder when 183 is divided by 92.
91
Calculate the remainder when 284 is divided by 29.
23
What is the remainder when 37208 is divided by 61?
59
What is the remainder when 31 is divided by 8?
7
What is the remainder when 699 is divided by 234?
231
Calculate the remainder when 4541 is divided by 59.
57
Calculate the remainder when 543 is divided by 13.
10
What is the remainder when 119 is divided by 11?
9
Calculate the remainder when 351 is divided by 34.
11
What is the remainder when 1327 is divided by 43?
37
Calculate the remainder when 668 is divided by 663.
5
What is the remainder when 10147 is divided by 50?
47
Calculate the remainder when 755 is divided by 54.
53
What is the remainder when 4143 is divided by 56?
55
What is the remainder when 119 is divided by 9?
2
What is the remainder when 320 is divided by 17?
14
Calculate the remainder when 383 is divided by 109.
56
Calculate the remainder when 157 is divided by 48.
13
What is the remainder when 529 is divided by 13?
9
Calculate the remainder when 910 is divided by 38.
36
Calculate the remainder when 94 is divided by 26.
16
Calculate the remainder when 553 is divided by 157.
82
What is the remainder when 490 is divided by 71?
64
Calculate the remainder when 426 is divided by 138.
12
Calculate the remainder when 693 is divided by 24.
21
Calculate the remainder when 22 is divided by 17.
5
What is the remainder when 128 is divided by 61?
6
Calculate the remainder when 635 is divided by 91.
89
What is the remainder when 3473 is divided by 218?
203
Calculate the remainder when 166 is divided by 59.
48
What is the remainder when 7827 is divided by 27?
24
Calculate the remainder when 517 is divided by 69.
34
Calculate the remainder when 422 is divided by 364.
58
Calculate the remainder when 648 is divided by 93.
90
Calculate the remainder when 618 is divided by 170.
108
What is the remainder when 957 is divided by 15?
12
What is the remainder when 3117 is divided by 261?
246
Calculate the remainder when 53 is divided by 11.
9
Calculate the remainder when 102 is divided by 22.
14
Calculate the remainder when 341 is divided by 38.
37
What is the remainder when 190 is divided by 101?
89
Calculate the remainder when 1306 is divided by 653.
0
Calculate the remainder when 471 is divided by 218.
35
What is the remainder when 5433 is divided by 2716?
1
What is the remainder when 372 is divided by 16?
4
What is the remainder when 264 is divided by 35?
19
Calculate the remainder when 185 is divided by 9.
5
Calculate the remainder when 4240 is divided by 31.
24
What is the remainder when 772 is divided by 31?
28
What is the remainder when 5654 is divided by 105?
89
Calculate the remainder when 376 is divided by 14.
12
Calculate the remainder when 730 is divided by 60.
10
What is the remainder when 293 is divided by 27?
23
What is the remainder when 181 is divided by 32?
21
Calculate the remainder when 5 is divided by 2.
1
Calculate the remainder when 595 is divided by 157.
124
Calculate the remainder when 369 is divided by 127.
115
Calculate the remainder when 766 is divided by 55.
51
Calculate the remainder when 888 is divided by 867.
21
Calculate the remainder when 5542 is divided by 59.
55
Calculate the remainder when 347 is divided by 72.
59
What is the remainder when 6378 is divided by 19?
13
What is the remainder when 36 is divided by 18?
0
Calculate the remainder when 11249 is divided by 150.
149
Calculate the remainder when 121 is divided by 84.
37
What is the remainder when 539 is divided by 14?
7
Calculate the remainder when 92 is divided by 11.
4
What is the remainder when 1679 is divided by 67?
4
What is the remainder when 12479 is divided by 52?
51
What is the remainder when 1381 is divided by 340?
21
What is the remainder when 936 is divided by 241?
213
What is the remainder when 58 is divided by 3?
1
Calculate the remainder when 3208 